 4*w, -w - 5496 = -4*s. Is s composite?
False
Let k(b) be the third derivative of b**6/20 + b**4/24 + b**3/6 - 15*b**2. Let t be k(-1). Let m(h) = -151*h - 65. Is m(t) composite?
True
Suppose -9*i + 6*i + 427155 = 3*u, -3*u = 5*i - 427151. Is u a prime number?
False
Let s = 315693 + -135416. Is s a composite number?
True
Let c = 9720 - 6607. Suppose c = -3*p + 21416. Is p a prime number?
True
Let g be ((-4)/10)/(1/(-5)). Let l(y) = 114*y - 290. Let s be l(8). Suppose -v + g*v = s. Is v prime?
False
Suppose 99275 = 17*v + 338805. Is (56/140)/((-4)/v) a prime number?
True
Suppose 4*b = 3*t + 1356874, -511*b + 514*b + 4*t - 1017693 = 0. Is b a composite number?
False
Let d = 131772 + -75655. Is d composite?
True
Is ((-242195)/2950)/((-2)/260) composite?
True
Let g(k) = -110286*k - 2283. Is g(-2) composite?
True
Let q(d) = -d**3 - 21*d**2 - 5*d + 40. Let c(g) = -16*g - 293. Let t be c(-17). Is q(t) composite?
True
Suppose -3*z = -3*n + 135, -2*n + n - 5 = 0. Let d(g) = 652*g + 1776. Let i be d(-2). Let u = i + z. Is u a composite number?
True
Suppose -3*h = 5*j - 51462, -j - 9*h + 11*h + 10282 = 0. Suppose -14*a - 25751 = -19*a + 4*m, -m + j = 2*a. Is a a prime number?
True
Let n = 139347 + -32534. Is n a prime number?
False
Let c(a) be the third derivative of -a**4/12 - 5*a**3/6 - 14*a**2. Let j be c(0). Is 4/(-10) - 592/j a composite number?
True
Suppose v = -564048 + 1952921. Is v prime?
True
Suppose 0 = 5*w - 11 - 9. Suppose -3*s - 2 + 9 = 2*y, w*s - 6 = -2*y. Suppose -y*u = -34 - 151. Is u composite?
False
Suppose -47*t + 782412 = -207225 - 1361162. Is t a composite number?
True
Suppose -2*o - 3 = q - 4, -5*o - 4*q = 5. Suppose v + 0*v = -3*i + o, 2*i - 5*v = 19. Suppose 1137 = u + i*u. Is u a composite number?
False
Suppose -5*q + 22*q = 6*q + 1691591. Is q prime?
False
Let u(n) = 436*n**2 + 1041*n + 43. Is u(-20) a prime number?
True
Suppose 0 = u + 59*u + 67007 - 199367. Is u a composite number?
True
Suppose -63*k + 65*k = -56. Let c = -23 - k. Suppose 8115 = -c*j + 20*j. Is j a prime number?
True
Suppose -39*d + 278200 + 1420601 = 0. Is d composite?
True
Suppose -q - 8737 + 30692 = 4*q. Is q composite?
False
Suppose -187*l = -183*l - 208204. Is l prime?
True
Is ((-4)/(-12))/((-35)/3594270)*(-7)/2 prime?
True
Let d = -76499 + 140488. Is d composite?
True
Suppose -82*a = 119*a - 48*a - 154983951. Is a prime?
True
Let h = -794 + 806. Is h*18/(-24) + 7792 prime?
False
Suppose -u + 195576 = -224*s + 225*s, -2*s + 2*u + 391132 = 0. Is s a prime number?
False
Let p = 22329 + 162368. Is p composite?
True
Let q = 8707 - 3549. Is q prime?
False
Let k be 8/3*(-2 - -5). Suppose 11101 = k*b - 13587. Suppose b = 28*l - 26*l. Is l composite?
False
Let v be 2 + 0 - (2 - 6). Suppose -5865 = -g + 5*w, 7*g + 4*w = v*g + 5847. Is g prime?
False
Let d(h) = -17*h**3 + 2*h**2 + h - 2. Let n be d(1). Is -2*(54152/n)/7 a prime number?
True
Suppose -26*f = 24*f - 300. Suppose -f*w + 11542 = -4484. Is w a composite number?
False
Let h = 981 - 942. Is h prime?
False
Is (419348477/(-3785))/((-2)/(-10)*-1) composite?
False
Let b(k) be the second derivative of 901*k**4/6 - 65*k**3/6 + 97*k**2 - 72*k. Is b(3) a composite number?
False
Suppose 0 = -49*u - 36*u + 22*u + 42700833. Is u composite?
False
Let l = 14 + -9. Suppose p + 5*q = 5*p - 10972, -4*p = l*q - 10972. Is p prime?
False
Suppose 5*y = y - 4. Let v(a) = 427*a**2 - 21801 + 21801 + 228*a**2. Is v(y) a prime number?
False
Let t(s) = 8*s - 31. Let r be t(4). Is r*83455/(11 + -6) a composite number?
False
Is 6581062/8 - 217/620*(5 + 0) a composite number?
False
Is -7 + (-4394)/(-3)*36*3 a prime number?
False
Suppose -2*u + 9*u - 25732 = 0. Suppose -9*x + u + 707 = 0. Is x/(-1 - (-6 - -4)) composite?
False
Let x(c) = -c + 18. Let s be x(18). Suppose 3*f + 9 + 3 = s, 0 = -r + 3*f + 1149. Is r composite?
True
Suppose -37*d = -20902756 + 5430503. Is d prime?
True
Let m(x) = 1357*x**2 - 4*x - 445. Is m(-22) a prime number?
False
Suppose -3*h = 3*f - 4*h, -3*f + 12 = 3*h. Suppose 5 = 5*n + 30. Is f*n*(7 - 18) composite?
True
Let d(r) = -10*r - 33. Let w(x) = 9*x + 31. Let h(j) = 4*d(j) + 5*w(j). Let g = 15 - 15. Is h(g) composite?
False
Let q(l) = l + 5. Let i be q(0). Let v(y) = -25*y**2 - 6*y - 4. Let p be v(i). Let b = -240 - p. Is b a prime number?
True
Let k be 1/(-3)*(-8 - -11). Is 786 - ((-5)/k + -6) a composite number?
False
Let d(j) = -159*j + 22. Let t be d(3). Let y = -992 - t. Let c = 1048 - y. Is c a composite number?
True
Let z be (132/(-165))/(((-4)/66970)/1). Suppose -6*o + z = -48496. Is o prime?
False
Let g = 223 - 88. Suppose 8*n - g = 3*n + 5*x, 2*n - 66 = -x. Suppose -355 = -4*t + 5*f, 2*t + n = -2*f + 195. Is t a composite number?
True
Suppose 29576 + 43609 = 7*o. Let s = o - -7018. Is s a prime number?
False
Let i(g) = -413*g**2 + 5*g - 4. Let k be i(2). Let d = 3157 + k. Is d prime?
True
Let o(v) = 2*v**2 + 12*v - 9. Let d be o(-7). Suppose -5*k = -0*k, -18 = -g + d*k. Is 3982/g - 10/45 composite?
True
Let m(n) = -28599*n + 6418. Is m(-7) composite?
True
Let m = 359510 + -230553. Is m a prime number?
False
Let d(q) = 33*q**2 + 50*q + 202. Is d(-17) a composite number?
True
Is (-2*(-412916)/24)/(-4 - (-78)/18) composite?
True
Let g = -1022471 - -2666884. Is g a composite number?
False
Suppose 0 = 3*l - 5 - 4. Suppose l*r + 11 - 248 = 0. Suppose c = 16 + r. Is c a prime number?
False
Let r(k) = -21*k**3 - 2*k**2 + 9*k + 1. Suppose 6*h - 4 = 7*h. Is r(h) a composite number?
False
Let w be (24/(-7))/(14/(-49)). Suppose -3*x = -0*x - w. Suppose 0 = -s - x*a + 561, -4*s + s = a - 1672. Is s prime?
True
Let w(u) = 14970*u**2 + 3*u - 4. Suppose c + 10*y - 6 = 5*y, 0 = -c + y. Is w(c) composite?
False
Let b = 45927 - -70456. Is b a prime number?
False
Let m = -16290 - -24733. Is m composite?
False
Suppose -32*p - 79*p = -613732 - 110099. Is p composite?
False
Let d(u) = -2638*u**3 - 2*u**2 + 2*u + 4. Let g be d(-1). Let q = g + 17607. Is q prime?
False
Suppose 4*s - 59578 = -2*o, -s - 78812 - 10604 = -3*o. Is o composite?
False
Let o be 3 - (-1 + 1) - (-5 - -620). Let y(v) = -18*v**3 - 5*v**2 - 5*v + 1. Let k be y(-4). Let w = k + o. Is w prime?
False
Let c = 975148 + -594239. Is c a prime number?
True
Let a = 839999 - 300864. Is a composite?
True
Let n(o) = o**3 + 7*o**2 + 9*o + 20. Let s(k) = -2*k**3 - 14*k**2 - 18*k - 39. Let i(j) = 5*n(j) + 3*s(j). Let w be i(-6). Is (-3)/w*9925/(-75) a prime number?
True
Let n = 604 + -584. Is (-20)/(n/(-4)) - -4389 composite?
True
Let v = -34 + 38. Suppose 3*k - v*a + 33064 = 7*k, -3*k + 24804 = a. Is k prime?
True
Suppose 24*n = -882197 + 5038445. Is n composite?
False
Let c = 8162 - 23348. Let k = -8599 - c. Is k composite?
True
Let a be (-180)/((-6)/2)*(-27408)/(-60). Suppose 0 = -4*w - 4*u + a, u = 3 + 2. Is w a prime number?
False
Let d(i) = 2*i**3 - 21*i**2 - 36*i + 3. Let y be d(12). Suppose -y*u - o + 12598 = 0, -u - 16812 = -5*u - 5*o. Is u a prime number?
False
Let x be (-9)/15 - (2 + 165/(-25)). Is 12732/x*(-1)/(-3) prime?
True
Let c(v) = 40*v**2 - 7*v + 5. Let o be 1*-10*(0 + 3/6). Let n be c(o). Let r = n + -709. Is r a composite number?
False
Suppose -190 = -3*x - 5*f, 5*x - 296 = 17*f - 15*f. Suppose -259010 = -x*t + 51010. Is t composite?
False
Suppose 936 = 428*a - 434*a. Is ((-26337)/15)/(a/30 + 5) a composite number?
False
Suppose 328 = 6*a - 2*a. Let o = -78 + a. Suppose -2*b + 502 = 2*l - 500, 0 = -b + o*l + 506. Is b prime?
False
Let n(f) = 5*f**3 - 11*f**2 + 17*f + 12. Let h be n(8). Suppose -l + q + 1936 = 0, 4*q = -3*l + 7798 - h. Is l composite?
True
Is (-512402)/(-4) - 342/228 prime?
True
Let t(g) = g**2 - 5*g + 6. Let p be t(2). Suppose p = -21*z + 25*z - 20424. Suppose 3*c - z = -3*c. Is c a prime number?
False
Suppose 3*o - 1 = -l + 3, 3*o - 5*l - 34 = 0. Let x be (-2)/(1 + o/(-1)). Is 413*(-5 + x - -5) prime?
False
Suppose -4160*u = -4170*u + 419990. Is u a composite number?
False
Let l = 271772 - -19681. Is l a composite number?
True
Let n = 104206 + -59207. Is n prime?
False
Let r(v) = 12*v**2 + 5*v + 22. Let g(d) = -d - 24. Let k be g(-13). Let n be r(k). Let t = -100 + n. Is t a prime number?
True
Let v be -3 - -2*2/4. Let x(u) = 4001*u**2 - 6*u - 7. Let s be x(v). Suppose 5*l + 2*w - s = 0, -w = 2 + 1. Is l a prime number?
T